{"id":50,"date":"2026-02-07T18:14:09","date_gmt":"2026-02-07T17:14:09","guid":{"rendered":"https:\/\/schutzwald-pleinfeld.de\/?page_id=50"},"modified":"2026-02-11T19:35:18","modified_gmt":"2026-02-11T18:35:18","slug":"unser-wald","status":"publish","type":"page","link":"https:\/\/schutzwald-pleinfeld.de\/?page_id=50","title":{"rendered":"Unser Wald"},"content":{"rendered":"\n<h4 class=\"wp-block-heading\">Zerst\u00f6rung unserer Lebensgrundlagen<\/h4>\n\n\n\n<p>Es geht um eine Fl\u00e4che von mehr als 15 Fu\u00dfballfeldern \u2013 nach aktuellem Stand (09.02.2026) gesch\u00e4tzt rund 12 bis 20 Hektar Wald. Diese Fl\u00e4che w\u00fcrde f\u00fcr das geplante Gewerbegebiet dauerhaft verloren gehen. Auch die dar\u00fcberhinausgehenden, angrenzenden Bereiche w\u00fcrden in ihren \u00f6kologischen Funktionen erheblich beeintr\u00e4chtigt.<\/p>\n\n\n\n<figure class=\"wp-block-image aligncenter size-full\"><img loading=\"lazy\" decoding=\"async\" width=\"652\" height=\"408\" src=\"https:\/\/schutzwald-pleinfeld.de\/wp-content\/uploads\/2026\/02\/grafik.png\" alt=\"\" class=\"wp-image-96\" srcset=\"https:\/\/schutzwald-pleinfeld.de\/wp-content\/uploads\/2026\/02\/grafik.png 652w, https:\/\/schutzwald-pleinfeld.de\/wp-content\/uploads\/2026\/02\/grafik-300x188.png 300w\" sizes=\"auto, (max-width: 652px) 100vw, 652px\" \/><figcaption class=\"wp-element-caption\">Waldfl\u00e4chen in Gefahr: Potentielle Gewerbefl\u00e4chen<\/figcaption><\/figure>\n\n\n\n<p>Der Wald zwischen St. Veit und Pleinfeld ist weit mehr als eine Fl\u00e4che auf der Karte. Er ist Schutzwald gegen Hitze, Wind und Starkregen, Lebensraum f\u00fcr zahlreiche Tier- und Pflanzenarten, Erholungsraum f\u00fcr die Menschen in unserer Gemeinde, Klimaregulator und nat\u00fcrlicher CO2-Speicher sowie Identit\u00e4t f\u00fcr St. Veit, Pleinfeld und die gesamte Gemeinde.<\/p>\n\n\n\n<p>Auf dieser Fl\u00e4che ist ein Gewerbegebiet geplant \u2013 dort, wo heute gesunder Wald steht. Einmal gerodet, w\u00e4chst ein Wald in unserer Lebenszeit nicht mehr nach.<\/p>\n\n\n\n<h4 class=\"wp-block-heading\">Wo ist der Wald?<\/h4>\n\n\n\n<p>Das aktuell betroffene Waldst\u00fcck liegt westlich von Pleinfeld zwischen St.Veit und Pleinfeld. <\/p>\n\n\n\n<p><\/p>\n","protected":false},"excerpt":{"rendered":"<p>Zerst\u00f6rung unserer Lebensgrundlagen Es geht um eine Fl\u00e4che von mehr als 15 Fu\u00dfballfeldern \u2013 nach aktuellem Stand (09.02.2026) gesch\u00e4tzt rund [&hellip;]<\/p>\n","protected":false},"author":1,"featured_media":0,"parent":0,"menu_order":0,"comment_status":"closed","ping_status":"closed","template":"","meta":{"site-sidebar-layout":"default","site-content-layout":"","ast-site-content-layout":"default","site-content-style":"default","site-sidebar-style":"default","ast-global-header-display":"","ast-banner-title-visibility":"","ast-main-header-display":"","ast-hfb-above-header-display":"","ast-hfb-below-header-display":"","ast-hfb-mobile-header-display":"","site-post-title":"","ast-breadcrumbs-content":"","ast-featured-img":"","footer-sml-layout":"","ast-disable-related-posts":"","theme-transparent-header-meta":"","adv-header-id-meta":"","stick-header-meta":"","header-above-stick-meta":"","header-main-stick-meta":"","header-below-stick-meta":"","astra-migrate-meta-layouts":"default","ast-page-background-enabled":"default","ast-page-background-meta":{"desktop":{"background-color":"var(--ast-global-color-5)","background-image":"","background-repeat":"repeat","background-position":"center center","background-size":"auto","background-attachment":"scroll","background-type":"","background-media":"","overlay-type":"","overlay-color":"","overlay-opacity":"","overlay-gradient":""},"tablet":{"background-color":"","background-image":"","background-repeat":"repeat","background-position":"center center","background-size":"auto","background-attachment":"scroll","background-type":"","background-media":"","overlay-type":"","overlay-color":"","overlay-opacity":"","overlay-gradient":""},"mobile":{"background-color":"","background-image":"","background-repeat":"repeat","background-position":"center center","background-size":"auto","background-attachment":"scroll","background-type":"","background-media":"","overlay-type":"","overlay-color":"","overlay-opacity":"","overlay-gradient":""}},"ast-content-background-meta":{"desktop":{"background-color":"var(--ast-global-color-4)","background-image":"","background-repeat":"repeat","background-position":"center center","background-size":"auto","background-attachment":"scroll","background-type":"","background-media":"","overlay-type":"","overlay-color":"","overlay-opacity":"","overlay-gradient":""},"tablet":{"background-color":"var(--ast-global-color-4)","background-image":"","background-repeat":"repeat","background-position":"center center","background-size":"auto","background-attachment":"scroll","background-type":"","background-media":"","overlay-type":"","overlay-color":"","overlay-opacity":"","overlay-gradient":""},"mobile":{"background-color":"var(--ast-global-color-4)","background-image":"","background-repeat":"repeat","background-position":"center center","background-size":"auto","background-attachment":"scroll","background-type":"","background-media":"","overlay-type":"","overlay-color":"","overlay-opacity":"","overlay-gradient":""}},"footnotes":""},"class_list":["post-50","page","type-page","status-publish","hentry"],"_links":{"self":[{"href":"https:\/\/schutzwald-pleinfeld.de\/index.php?rest_route=\/wp\/v2\/pages\/50","targetHints":{"allow":["GET"]}}],"collection":[{"href":"https:\/\/schutzwald-pleinfeld.de\/index.php?rest_route=\/wp\/v2\/pages"}],"about":[{"href":"https:\/\/schutzwald-pleinfeld.de\/index.php?rest_route=\/wp\/v2\/types\/page"}],"author":[{"embeddable":true,"href":"https:\/\/schutzwald-pleinfeld.de\/index.php?rest_route=\/wp\/v2\/users\/1"}],"replies":[{"embeddable":true,"href":"https:\/\/schutzwald-pleinfeld.de\/index.php?rest_route=%2Fwp%2Fv2%2Fcomments&post=50"}],"version-history":[{"count":7,"href":"https:\/\/schutzwald-pleinfeld.de\/index.php?rest_route=\/wp\/v2\/pages\/50\/revisions"}],"predecessor-version":[{"id":108,"href":"https:\/\/schutzwald-pleinfeld.de\/index.php?rest_route=\/wp\/v2\/pages\/50\/revisions\/108"}],"wp:attachment":[{"href":"https:\/\/schutzwald-pleinfeld.de\/index.php?rest_route=%2Fwp%2Fv2%2Fmedia&parent=50"}],"curies":[{"name":"wp","href":"https:\/\/api.w.org\/{rel}","templated":true}]}}