{"id":7,"date":"2026-02-07T13:45:18","date_gmt":"2026-02-07T12:45:18","guid":{"rendered":"https:\/\/schutzwald-pleinfeld.de\/?page_id=7"},"modified":"2026-03-12T19:50:32","modified_gmt":"2026-03-12T18:50:32","slug":"start","status":"publish","type":"page","link":"https:\/\/schutzwald-pleinfeld.de\/","title":{"rendered":"Start"},"content":{"rendered":"\n<div class=\"wp-block-cover alignfull\" style=\"min-height:720px;aspect-ratio:unset;\"><span aria-hidden=\"true\" class=\"wp-block-cover__background has-background-dim-100 has-background-dim has-background-gradient\" style=\"background:linear-gradient(35deg,rgb(48,0,79) 3%,rgb(131,131,131) 73%,rgb(0,0,0) 100%)\"><\/span><div class=\"wp-block-cover__inner-container is-layout-flow wp-block-cover-is-layout-flow\">\n<div style=\"height:100px\" aria-hidden=\"true\" class=\"wp-block-spacer\"><\/div>\n\n\n\n<div class=\"inherit-container-width wp-block-group alignwide is-layout-constrained wp-block-group-is-layout-constrained\">\n<div class=\"wp-block-media-text alignwide has-media-on-the-right is-stacked-on-mobile is-vertically-aligned-center\" style=\"padding-right:var(--wp--preset--spacing--50);padding-left:var(--wp--preset--spacing--50);grid-template-columns:auto 43%\"><div class=\"wp-block-media-text__content\">\n<h1 class=\"wp-block-heading has-text-align-left has-white-color has-text-color\">Mach mit!<\/h1>\n\n\n\n<p class=\"has-white-color has-text-color\" style=\"border-style:none;border-width:0px\">W\u00e4lder sch\u00fctzen Klima, Wasser und Boden \u2013 sie sind Lebensraum f\u00fcr Tiere und Pflanzen.<br>Sie bieten Erholung, Sauerstoff und sichern unsere Lebensgrundlagen f\u00fcr die Zukunft.<\/p>\n\n\n\n<div class=\"wp-block-buttons is-layout-flex wp-block-buttons-is-layout-flex\">\n<div class=\"wp-block-button\"><a class=\"wp-block-button__link wp-element-button\" href=\"https:\/\/schutzwald-pleinfeld.de\/?page_id=52\">Newsletter erhalten<\/a><\/div>\n<\/div>\n<\/div><figure class=\"wp-block-media-text__media\"><img loading=\"lazy\" decoding=\"async\" width=\"973\" height=\"961\" src=\"https:\/\/schutzwald-pleinfeld.de\/wp-content\/uploads\/2026\/02\/photo_2026-02-07_17-33-19.png\" alt=\"\" class=\"wp-image-39 size-full\" srcset=\"https:\/\/schutzwald-pleinfeld.de\/wp-content\/uploads\/2026\/02\/photo_2026-02-07_17-33-19.png 973w, https:\/\/schutzwald-pleinfeld.de\/wp-content\/uploads\/2026\/02\/photo_2026-02-07_17-33-19-300x296.png 300w, https:\/\/schutzwald-pleinfeld.de\/wp-content\/uploads\/2026\/02\/photo_2026-02-07_17-33-19-768x759.png 768w\" sizes=\"auto, (max-width: 973px) 100vw, 973px\" \/><\/figure><\/div>\n<\/div>\n\n\n\n<div style=\"height:100px\" aria-hidden=\"true\" class=\"wp-block-spacer\"><\/div>\n<\/div><\/div>\n\n\n\n<div class=\"wp-block-group is-layout-constrained wp-block-group-is-layout-constrained\">\n<div style=\"height:100px\" aria-hidden=\"true\" class=\"wp-block-spacer\"><\/div>\n\n\n\n<figure class=\"wp-block-image aligncenter size-medium\"><img loading=\"lazy\" decoding=\"async\" width=\"300\" height=\"200\" src=\"https:\/\/schutzwald-pleinfeld.de\/wp-content\/uploads\/2026\/02\/geralt-social-media-3696894_1280-300x200.jpg\" alt=\"\" class=\"wp-image-59\" srcset=\"https:\/\/schutzwald-pleinfeld.de\/wp-content\/uploads\/2026\/02\/geralt-social-media-3696894_1280-300x200.jpg 300w, https:\/\/schutzwald-pleinfeld.de\/wp-content\/uploads\/2026\/02\/geralt-social-media-3696894_1280-1024x682.jpg 1024w, https:\/\/schutzwald-pleinfeld.de\/wp-content\/uploads\/2026\/02\/geralt-social-media-3696894_1280-768x512.jpg 768w, https:\/\/schutzwald-pleinfeld.de\/wp-content\/uploads\/2026\/02\/geralt-social-media-3696894_1280.jpg 1280w\" sizes=\"auto, (max-width: 300px) 100vw, 300px\" \/><\/figure>\n\n\n\n<h2 class=\"wp-block-heading has-text-align-center\">Beratungen im Gemeinderat<\/h2>\n\n\n\n<p class=\"has-text-align-center has-medium-font-size\">Donnerstag, 26. M\u00e4rz \/ \u00d6ffentlicher Teil der Sitzung<\/p>\n\n\n\n<p class=\"has-text-align-center\">Die Fraktion der FREIEN W\u00c4HLER hat, unterst\u00fctzt von der Fraktion B\u00fcndnis90\/Die Gr\u00fcnen, beantragt, in der n\u00e4chsten Sitzung des Gemeinderates am 26.03.2026, im \u00f6ffentlichen Teil im Rahmen einer Grundsatzentscheidung \u00fcber die Frage, ob im Wald zwischen Pleinfeld und St. Veit ein neues Gewerbegebiet geschaffen werden soll zu beraten.<\/p>\n\n\n\n<p class=\"has-text-align-center\">Ob die Thematik auf die Tagesordnung der Gemeinderatssitzung im M\u00e4rz kommt oder erst im April ist noch nicht bekannt.<\/p>\n\n\n\n<div style=\"height:100px\" aria-hidden=\"true\" class=\"wp-block-spacer\"><\/div>\n<\/div>\n\n\n\n\n\n\n\n<div class=\"wp-block-group alignfull has-vivid-cyan-blue-background-color has-background is-layout-constrained wp-container-core-group-is-layout-6a2cfb7b wp-block-group-is-layout-constrained\" id=\"reviews\" style=\"min-height:0px\">\n<figure class=\"wp-block-image alignfull size-full\"><img loading=\"lazy\" decoding=\"async\" width=\"843\" height=\"453\" src=\"https:\/\/schutzwald-pleinfeld.de\/wp-content\/uploads\/2026\/02\/Waldbild_fuer-WT.png\" alt=\"\" class=\"wp-image-114\" srcset=\"https:\/\/schutzwald-pleinfeld.de\/wp-content\/uploads\/2026\/02\/Waldbild_fuer-WT.png 843w, https:\/\/schutzwald-pleinfeld.de\/wp-content\/uploads\/2026\/02\/Waldbild_fuer-WT-300x161.png 300w, https:\/\/schutzwald-pleinfeld.de\/wp-content\/uploads\/2026\/02\/Waldbild_fuer-WT-768x413.png 768w\" sizes=\"auto, (max-width: 843px) 100vw, 843px\" \/><\/figure>\n<\/div>\n\n\n\n<div class=\"wp-block-group alignfull has-ast-global-color-4-background-color has-background is-layout-constrained wp-container-core-group-is-layout-6a2cfb7b wp-block-group-is-layout-constrained\" id=\"reviews\">\n<figure class=\"wp-block-image aligncenter size-large is-resized is-style-rounded\"><img decoding=\"async\" src=\"https:\/\/upload.wikimedia.org\/wikipedia\/commons\/6\/61\/Hans_Carl_von_Carlowitz.jpg\" alt=\"\" style=\"width:100px\"\/><\/figure>\n\n\n\n<p class=\"has-text-align-center\" style=\"font-size:22px;line-height:1.6\">\u201cDer Mensch braucht die Natur, nicht umgekehrt.\u201d<\/p>\n\n\n\n<p class=\"has-text-align-center\"><strong>Hans Carl von Carlowitz<\/strong><\/p>\n<\/div>\n\n\n\n\n\n\n\n<p><\/p>\n","protected":false},"excerpt":{"rendered":"<p>Beratungen im Gemeinderat Donnerstag, 26. M\u00e4rz \/ \u00d6ffentlicher Teil der Sitzung Die Fraktion der FREIEN W\u00c4HLER hat, unterst\u00fctzt von der [&hellip;]<\/p>\n","protected":false},"author":1,"featured_media":0,"parent":0,"menu_order":0,"comment_status":"closed","ping_status":"closed","template":"","meta":{"site-sidebar-layout":"no-sidebar","site-content-layout":"plain-container","ast-site-content-layout":"default","site-content-style":"default","site-sidebar-style":"default","ast-global-header-display":"","ast-banner-title-visibility":"","ast-main-header-display":"","ast-hfb-above-header-display":"","ast-hfb-below-header-display":"","ast-hfb-mobile-header-display":"","site-post-title":"disabled","ast-breadcrumbs-content":"","ast-featured-img":"","footer-sml-layout":"","ast-disable-related-posts":"","theme-transparent-header-meta":"enabled","adv-header-id-meta":"","stick-header-meta":"","header-above-stick-meta":"","header-main-stick-meta":"","header-below-stick-meta":"","astra-migrate-meta-layouts":"default","ast-page-background-enabled":"default","ast-page-background-meta":{"desktop":{"background-color":"var(--ast-global-color-5)","background-image":"","background-repeat":"repeat","background-position":"center center","background-size":"auto","background-attachment":"scroll","background-type":"","background-media":"","overlay-type":"","overlay-color":"","overlay-opacity":"","overlay-gradient":""},"tablet":{"background-color":"","background-image":"","background-repeat":"repeat","background-position":"center center","background-size":"auto","background-attachment":"scroll","background-type":"","background-media":"","overlay-type":"","overlay-color":"","overlay-opacity":"","overlay-gradient":""},"mobile":{"background-color":"","background-image":"","background-repeat":"repeat","background-position":"center center","background-size":"auto","background-attachment":"scroll","background-type":"","background-media":"","overlay-type":"","overlay-color":"","overlay-opacity":"","overlay-gradient":""}},"ast-content-background-meta":{"desktop":{"background-color":"var(--ast-global-color-4)","background-image":"","background-repeat":"repeat","background-position":"center center","background-size":"auto","background-attachment":"scroll","background-type":"","background-media":"","overlay-type":"","overlay-color":"","overlay-opacity":"","overlay-gradient":""},"tablet":{"background-color":"var(--ast-global-color-4)","background-image":"","background-repeat":"repeat","background-position":"center center","background-size":"auto","background-attachment":"scroll","background-type":"","background-media":"","overlay-type":"","overlay-color":"","overlay-opacity":"","overlay-gradient":""},"mobile":{"background-color":"var(--ast-global-color-4)","background-image":"","background-repeat":"repeat","background-position":"center center","background-size":"auto","background-attachment":"scroll","background-type":"","background-media":"","overlay-type":"","overlay-color":"","overlay-opacity":"","overlay-gradient":""}},"footnotes":""},"class_list":["post-7","page","type-page","status-publish","hentry"],"_links":{"self":[{"href":"https:\/\/schutzwald-pleinfeld.de\/index.php?rest_route=\/wp\/v2\/pages\/7","targetHints":{"allow":["GET"]}}],"collection":[{"href":"https:\/\/schutzwald-pleinfeld.de\/index.php?rest_route=\/wp\/v2\/pages"}],"about":[{"href":"https:\/\/schutzwald-pleinfeld.de\/index.php?rest_route=\/wp\/v2\/types\/page"}],"author":[{"embeddable":true,"href":"https:\/\/schutzwald-pleinfeld.de\/index.php?rest_route=\/wp\/v2\/users\/1"}],"replies":[{"embeddable":true,"href":"https:\/\/schutzwald-pleinfeld.de\/index.php?rest_route=%2Fwp%2Fv2%2Fcomments&post=7"}],"version-history":[{"count":33,"href":"https:\/\/schutzwald-pleinfeld.de\/index.php?rest_route=\/wp\/v2\/pages\/7\/revisions"}],"predecessor-version":[{"id":227,"href":"https:\/\/schutzwald-pleinfeld.de\/index.php?rest_route=\/wp\/v2\/pages\/7\/revisions\/227"}],"wp:attachment":[{"href":"https:\/\/schutzwald-pleinfeld.de\/index.php?rest_route=%2Fwp%2Fv2%2Fmedia&parent=7"}],"curies":[{"name":"wp","href":"https:\/\/api.w.org\/{rel}","templated":true}]}}

<div class="wp-block-cover alignfull" style="min-height:720px;aspect-ratio:unset;"><span aria-hidden="true" class="wp-block-cover__background has-background-dim-100 has-background-dim has-background-gradient" style="background:linear-gradient(35deg,rgb(48,0,79) 3%,rgb(131,131,131) 73%,rgb(0,0,0) 100%)"></span><div class="wp-block-cover__inner-container is-layout-flow wp-block-cover-is-layout-flow">
<div style="height:100px" aria-hidden="true" class="wp-block-spacer"></div>



<div class="inherit-container-width wp-block-group alignwide is-layout-constrained wp-block-group-is-layout-constrained">
<div class="wp-block-media-text alignwide has-media-on-the-right is-stacked-on-mobile is-vertically-aligned-center" style="padding-right:var(--wp--preset--spacing--50);padding-left:var(--wp--preset--spacing--50);grid-template-columns:auto 43%"><div class="wp-block-media-text__content">
<h1 class="wp-block-heading has-text-align-left has-white-color has-text-color">Mach mit!</h1>



<p class="has-white-color has-text-color" style="border-style:none;border-width:0px">Wälder schützen Klima, Wasser und Boden – sie sind Lebensraum für Tiere und Pflanzen.<br>Sie bieten Erholung, Sauerstoff und sichern unsere Lebensgrundlagen für die Zukunft.</p>



<div class="wp-block-buttons is-layout-flex wp-block-buttons-is-layout-flex">
<div class="wp-block-button"><a class="wp-block-button__link wp-element-button" href="https://schutzwald-pleinfeld.de/?page_id=52">Newsletter erhalten</a></div>
</div>
</div><figure class="wp-block-media-text__media"><img loading="lazy" decoding="async" width="973" height="961" src="https://schutzwald-pleinfeld.de/wp-content/uploads/2026/02/photo_2026-02-07_17-33-19.png" alt="" class="wp-image-39 size-full" srcset="https://schutzwald-pleinfeld.de/wp-content/uploads/2026/02/photo_2026-02-07_17-33-19.png 973w, https://schutzwald-pleinfeld.de/wp-content/uploads/2026/02/photo_2026-02-07_17-33-19-300x296.png 300w, https://schutzwald-pleinfeld.de/wp-content/uploads/2026/02/photo_2026-02-07_17-33-19-768x759.png 768w" sizes="auto, (max-width: 973px) 100vw, 973px" /></figure></div>
</div>



<div style="height:100px" aria-hidden="true" class="wp-block-spacer"></div>
</div></div>



<div class="wp-block-group is-layout-constrained wp-block-group-is-layout-constrained">
<div style="height:100px" aria-hidden="true" class="wp-block-spacer"></div>



<figure class="wp-block-image aligncenter size-medium"><img loading="lazy" decoding="async" width="300" height="200" src="https://schutzwald-pleinfeld.de/wp-content/uploads/2026/02/geralt-social-media-3696894_1280-300x200.jpg" alt="" class="wp-image-59" srcset="https://schutzwald-pleinfeld.de/wp-content/uploads/2026/02/geralt-social-media-3696894_1280-300x200.jpg 300w, https://schutzwald-pleinfeld.de/wp-content/uploads/2026/02/geralt-social-media-3696894_1280-1024x682.jpg 1024w, https://schutzwald-pleinfeld.de/wp-content/uploads/2026/02/geralt-social-media-3696894_1280-768x512.jpg 768w, https://schutzwald-pleinfeld.de/wp-content/uploads/2026/02/geralt-social-media-3696894_1280.jpg 1280w" sizes="auto, (max-width: 300px) 100vw, 300px" /></figure>



<h2 class="wp-block-heading has-text-align-center">Beratungen im Gemeinderat</h2>



<p class="has-text-align-center has-medium-font-size">Donnerstag, 26. März / Öffentlicher Teil der Sitzung</p>



<p class="has-text-align-center">Die Fraktion der FREIEN WÄHLER hat, unterstützt von der Fraktion Bündnis90/Die Grünen, beantragt, in der nächsten Sitzung des Gemeinderates am 26.03.2026, im öffentlichen Teil im Rahmen einer Grundsatzentscheidung über die Frage, ob im Wald zwischen Pleinfeld und St. Veit ein neues Gewerbegebiet geschaffen werden soll zu beraten.</p>



<p class="has-text-align-center">Ob die Thematik auf die Tagesordnung der Gemeinderatssitzung im März kommt oder erst im April ist noch nicht bekannt.</p>



<div style="height:100px" aria-hidden="true" class="wp-block-spacer"></div>
</div>







<div class="wp-block-group alignfull has-vivid-cyan-blue-background-color has-background is-layout-constrained wp-container-core-group-is-layout-6a2cfb7b wp-block-group-is-layout-constrained" id="reviews" style="min-height:0px">
<figure class="wp-block-image alignfull size-full"><img loading="lazy" decoding="async" width="843" height="453" src="https://schutzwald-pleinfeld.de/wp-content/uploads/2026/02/Waldbild_fuer-WT.png" alt="" class="wp-image-114" srcset="https://schutzwald-pleinfeld.de/wp-content/uploads/2026/02/Waldbild_fuer-WT.png 843w, https://schutzwald-pleinfeld.de/wp-content/uploads/2026/02/Waldbild_fuer-WT-300x161.png 300w, https://schutzwald-pleinfeld.de/wp-content/uploads/2026/02/Waldbild_fuer-WT-768x413.png 768w" sizes="auto, (max-width: 843px) 100vw, 843px" /></figure>
</div>



<div class="wp-block-group alignfull has-ast-global-color-4-background-color has-background is-layout-constrained wp-container-core-group-is-layout-6a2cfb7b wp-block-group-is-layout-constrained" id="reviews">
<figure class="wp-block-image aligncenter size-large is-resized is-style-rounded"><img decoding="async" src="https://upload.wikimedia.org/wikipedia/commons/6/61/Hans_Carl_von_Carlowitz.jpg" alt="" style="width:100px"/></figure>



<p class="has-text-align-center" style="font-size:22px;line-height:1.6">“Der Mensch braucht die Natur, nicht umgekehrt.”</p>



<p class="has-text-align-center"><strong>Hans Carl von Carlowitz</strong></p>
</div>







<p></p>

<p>Beratungen im Gemeinderat Donnerstag, 26. März / Öffentlicher Teil der Sitzung Die Fraktion der FREIEN WÄHLER hat, unterstützt von der [&hellip;]</p>
